 the highest common factor of 330159 and 8679030.
1977
Calculate the highest common factor of 296551941 and 1015.
203
Calculate the highest common divisor of 5506071 and 3193.
103
Calculate the highest common factor of 1752 and 132212636.
292
Calculate the highest common divisor of 948 and 48102468.
948
What is the greatest common divisor of 5599 and 29216?
11
What is the highest common divisor of 4190 and 41500?
10
Calculate the highest common factor of 19343922 and 78.
78
Calculate the highest common factor of 33480 and 1259096.
248
Calculate the greatest common factor of 85424 and 25448.
8
What is the highest common divisor of 6473225 and 88?
11
Calculate the highest common factor of 118410 and 139320.
30
Calculate the highest common factor of 735553 and 546.
91
Calculate the greatest common factor of 43432923 and 2088.
87
Calculate the highest common factor of 3875245 and 385.
55
What is the highest common factor of 417180 and 43860?
1020
What is the highest common factor of 6036086 and 742?
14
Calculate the highest common factor of 185771 and 22173702.
943
Calculate the highest common factor of 89583 and 3666.
39
What is the highest common divisor of 174461507 and 21085?
4217
Calculate the greatest common factor of 5858 and 54655256.
58
Calculate the highest common factor of 565422 and 87087.
429
Calculate the greatest common factor of 16308 and 59683203.
4077
What is the highest common divisor of 45969 and 2716?
7
What is the greatest common factor of 836878455 and 90?
45
Calculate the highest common factor of 292 and 42839758.
146
Calculate the greatest common factor of 1323 and 2069982.
27
Calculate the highest common divisor of 120 and 694824360.
120
Calculate the greatest common factor of 19 and 1707751.
1
What is the greatest common factor of 4430 and 203180?
10
Calculate the highest common divisor of 1287 and 77753.
13
Calculate the greatest common factor of 279 and 38525049.
9
Calculate the greatest common factor of 9758 and 21654150.
574
Calculate the highest common divisor of 295616 and 2432.
64
What is the greatest common factor of 7194700 and 10?
10
What is the greatest common divisor of 41906904 and 24888?
408
Calculate the highest common factor of 1990 and 2968682.
398
Calculate the highest common divisor of 3 and 957329517.
3
Calculate the greatest common divisor of 581830 and 105410.
830
What is the greatest common factor of 65884 and 114597616?
5068
What is the greatest common divisor of 12907445 and 40685?
515
Calculate the highest common factor of 2907 and 349163.
323
Calculate the highest common factor of 2704 and 20831278.
338
Calculate the greatest common factor of 30 and 1255257405.
15
Calculate the greatest common factor of 295138289 and 332.
83
What is the greatest common divisor of 29634 and 473437723?
4939
Calculate the highest common factor of 3144 and 566938656.
3144
Calculate the highest common divisor of 1812 and 14229636.
1812
Calculate the greatest common factor of 4899 and 73578081.
4899
Calculate the highest common divisor of 267 and 39873.
3
Calculate the greatest common divisor of 243 and 467721.
27
Calculate the highest common factor of 3036 and 93651492.
3036
What is the highest common divisor of 3806140 and 80?
20
What is the greatest common factor of 1829 and 6913561?
59
Calculate the greatest common factor of 4543 and 2556411.
649
What is the greatest common divisor of 1434 and 14836881?
717
Calculate the highest common divisor of 44231984 and 1264.
16
What is the greatest common factor of 10808 and 10368288?
56
What is the greatest common factor of 70 and 28010570?
70
What is the highest common divisor of 187389855 and 1242?
621
Calculate the highest common divisor of 372 and 842844.
12
What is the greatest common divisor of 2875512250 and 2375?
2375
Calculate the highest common divisor of 70024 and 2592.
8
Calculate the greatest common factor of 1333 and 1675519.
31
Calculate the greatest common factor of 6 and 61762.
2
Calculate the highest common divisor of 89576 and 6476.
4
Calculate the highest common divisor of 402879834 and 315.
63
Calculate the highest common divisor of 403 and 13772277.
31
What is the highest common factor of 2095461 and 18909?
1719
Calculate the highest common divisor of 5475 and 547719.
219
Calculate the greatest common factor of 4 and 1399498740.
4
What is the highest common factor of 1125 and 19824625?
125
What is the highest common divisor of 8774 and 59614?
82
What is the greatest common divisor of 3651432 and 4589?
353
Calculate the greatest common factor of 13368420 and 3480.
1740
What is the greatest common divisor of 162 and 28857789?
81
What is the highest common divisor of 53803219 and 7201?
379
What is the highest common divisor of 12160860 and 15660?
1740
What is the greatest common divisor of 2630966 and 1833?
611
Calculate the greatest common divisor of 199 and 42569881.
199
What is the highest common factor of 1548 and 14275596?
12
What is the highest common factor of 60 and 184939980?
60
What is the highest common factor of 2931474 and 3237?
39
Calculate the greatest common divisor of 5861190 and 453270.
870
Calculate the highest common divisor of 9836 and 11124.
4
What is the greatest common divisor of 3734310010 and 590?
590
Calculate the highest common factor of 21823 and 667564.
157
Calculate the greatest common factor of 3030 and 199677.
303
What is the greatest common factor of 4152 and 172968?
24
Calculate the highest common divisor of 803306 and 504.
14
What is the highest common divisor of 41715 and 10807275?
1545
Calculate the greatest common divisor of 2486703 and 21.
3
Calculate the greatest common divisor of 5 and 178568800.
5
What is the greatest common divisor of 11626254 and 15480?
774
What is the greatest common divisor of 108657300 and 375?
75
Calculate the greatest common factor of 79992 and 29910544.
808
Calculate the highest common divisor of 8269408 and 532.
532
Calculate the greatest common divisor of 393825 and 615.
15
What is the highest common factor of 9544500 and 35451?
2727
Calculate the highest common factor of 43973357 and 191.
191
What is the greatest common factor of 26707680 and 200?
40
What is the highest common divisor of 297860 and 99640?
1060
Calculate the highest common factor of 702380 and 2107720.
580
What is the greatest common divisor of 223649 and 4826?
19
What is the highest common divisor of 1078 and 45577301?
539
Calculate the highest common factor of 183885 and 621.
69
What is the highest common divisor of 744 and 437440?
8
What is the highest common divisor of 904 and 160799?
113
What is the highest common divisor of 1243 and 693374?
11
Calculate the highest common divisor of 2877 and 6843561.
411
What is the greatest common divisor of 6448 and 83954?
26
What is the highest common divisor of 284360 and 1560?
40
Calculate the highest common divisor of 1482 and 121926.
6
Calculate the greatest common divisor of 12 and 2460058716.
12
Calculate the greatest common factor of 12 and 74490828.
12
What is the greatest common divisor of 1298 and 1527982?
118
What is the highest common divisor of 1154213012 and 848?
212
Calculate the highest common factor of 4072 and 255009.
509
What is the highest common factor of 22673580 and 102?
102
Calculate the greatest common divisor of 378 and 42943635.
189
Calculate the highest common factor of 1987404 and 12.
12
Calculate the greatest common factor of 2518331 and 636289.
1073
What is the greatest common factor of 1301606186 and 268?
134
Calculate the greatest common divisor of 22878 and 59614902.
738
Calculate the highest common divisor of 58914509 and 177.
59
Calculate the greatest common divisor of 11491092 and 81.
27
What is the highest common factor of 10420657 and 754?
377
Calculate the greatest common divisor of 22199 and 284653.
281
What is the highest common divisor of 445 and 2603800?
5
Calculate the greatest common divisor of 432 and 6800256.
144
Calculate the greatest common factor of 8873211 and 597.
597
Calculate the highest common divisor of 3233694 and 846.
282
What is the greatest common factor of 931008 and 429?
39
What is the greatest common divisor of 14497 and 9754619?
133
Calculate the greatest common divisor of 25 and 7977055.
5
What is the high